at is 3 - 34536?
-34533
In base 15, what is 7 - 4419?
-4412
In base 16, what is -a + -bc15?
-bc1f
In base 6, what is 1333140 - -1?
1333141
In base 15, what is -3 + -12399?
-1239c
In base 2, what is -11111011110 + -10111110011?
-110111010001
In base 9, what is 114 - -218?
333
In base 5, what is -3 - -2413243?
2413240
In base 9, what is -1 - 124732?
-124733
In base 5, what is -4 - 30400?
-30404
In base 16, what is ecd + -2?
ecb
In base 8, what is -51 - 221150?
-221221
In base 5, what is -112101 + 34?
-112012
In base 3, what is -12210121121 - 11?
-12210121202
In base 16, what is -e4e5 + b?
-e4da
In base 3, what is -121100121012 - -11?
-121100121001
In base 11, what is 0 - -398430?
398430
In base 4, what is -120032230 + 0?
-120032230
In base 5, what is 2223 - -340?
3113
In base 14, what is -294a8 - 4?
-294ac
In base 16, what is -cb2 - -56?
-c5c
In base 2, what is 1011011001001000 + 101?
1011011001001101
In base 2, what is 101 + -110111011100111?
-110111011100010
In base 2, what is -1011110111100010 + 100?
-1011110111011110
In base 5, what is -11103033 + -10?
-11103043
In base 4, what is 1 - -10133303?
10133310
In base 12, what is 5 + 36a34?
36a39
In base 9, what is -588874 + -4?
-588878
In base 2, what is 10101110 - 10011111000011?
-10011100010101
In base 14, what is 3 + 1729b?
172a0
In base 4, what is 20213323 + -30?
20213233
In base 7, what is -5 - -304114?
304106
In base 16, what is 4 + -af56?
-af52
In base 16, what is 0 - -3519?
3519
In base 8, what is -222 + 203?
-17
In base 3, what is -12 + -122100010?
-122100022
In base 9, what is 712244 - 5?
712238
In base 6, what is 1 + -130130?
-130125
In base 14, what is -3 + 2cc51?
2cc4c
In base 12, what is -3 - -281?
27a
In base 2, what is -10 - -100100111100011?
100100111100001
In base 3, what is -2 - 1021011?
-1021020
In base 16, what is 7a63e - -1?
7a63f
In base 7, what is -33112 - 0?
-33112
In base 3, what is 2 - -12100110222?
12100111001
In base 13, what is -4 + 4cc1?
4cba
In base 7, what is -2 + -151650?
-151652
In base 11, what is -5 + 12396?
12391
In base 14, what is 88869 + -5?
88864
In base 15, what is -2 - 1ed?
-200
In base 7, what is -2 + -6015133?
-6015135
In base 16, what is f - d9?
-ca
In base 15, what is d3 + 18c?
270
In base 10, what is -3 + 412503?
412500
In base 6, what is -224 + -34?
-302
In base 6, what is -143 - 1142030?
-1142213
In base 10, what is -17119 - 93?
-17212
In base 5, what is -31 + 301403?
301322
In base 16, what is 3d744b - 0?
3d744b
In base 4, what is 0 + -1112131?
-1112131
In base 6, what is 413 + 333?
1150
In base 11, what is -12 - -1941?
192a
In base 14, what is -273 + d6?
-17b
In base 5, what is 1230 + -134114?
-132334
In base 9, what is 274310 + 4?
274314
In base 2, what is -1 + -10100100001111?
-10100100010000
In base 2, what is -10011 + -1110011?
-10000110
In base 5, what is 1101002310 - -1?
1101002311
In base 5, what is 144 + 103403?
104102
In base 8, what is 211 - 336?
-125
In base 14, what is a63 - -a?
a6d
In base 9, what is -1543 + -51?
-1604
In base 4, what is 20311023 + -20?
20311003
In base 13, what is -36 - -467?
431
In base 12, what is 1082 + 18?
109a
In base 14, what is -2 - -14a?
148
In base 10, what is -194 + 19?
-175
In base 16, what is -84dc + 1?
-84db
In base 15, what is 1 - 7ca1?
-7ca0
In base 8, what is 4 + -23532?
-23526
In base 13, what is 5 + -3c47?
-3c42
In base 5, what is -344 + -3?
-402
In base 6, what is -22520 + 53?
-22423
In base 2, what is 110100000110100 + -10010?
110100000100010
In base 9, what is -64464 + -3?
-64467
In base 8, what is 25 + -24202?
-24155
In base 2, what is -11 - -110010000001?
110001111110
In base 10, what is -276163 - -2?
-276161
In base 15, what is -7c3d - 14?
-7c52
In base 7, what is -1314 + -2?
-1316
In base 2, what is 111 - -111011111011100?
111011111100011
In base 12, what is -861 - -553?
-30a
In base 13, what is 10 + -17462?
-17452
In base 8, what is -526 - 113?
-641
In base 10, what is -2306 + 911?
-1395
In base 16, what is -2 + 56?
54
In base 10, what is -11 + 3480?
3469
In base 2, what is 1001 + 100000000111100?
100000001000101
In base 9, what is 4032 + 43?
4075
In base 3, what is 20200220100 - 10?
20200220020
In base 6, what is 4 - 101403424?
-101403420
In base 3, what is 222010 - 1121?
220112
In base 13, what is 949 + -230?
719
In base 4, what is 203 + 220?
1023
In base 14, what is -23a35 - -5?
-23a30
In base 4, what is 11 - -10021023330?
10021030001
In base 9, what is 8270 - 0?
8270
In base 10, what is 52 - 32262?
-32210
In base 15, what is 15 + -110e?
-10e9
In base 15, what is -10e - 20?
-12e
In base 14, what is -36 + 221?
1c9
In base 7, what is -15066255 - -1?
-15066254
In base 16, what is -28c4 + 2?
-28c2
In base 8, what is -407 + -375?
-1004
In base 11, what is -145398 - 3?
-1453a0
In base 10, what is -261 - -20?
-241
In base 7, what is 4054 + -3422?
332
In base 16, what is -5c5e3 - 4?
-5c5e7
In base 16, what is -14b0c - -2?
-14b0a
In base 2, what is -11011100101010 + 0?
-11011100101010
In base 10, what is 511 - -161?
672
In base 3, what is -201122 + 122201?
-1221
In base 12, what is -3 + -504?
-507
In base 10, what is 53331 + 2?
53333
In base 14, what is 24 + 2a62?
2a86
In base 5, what is 134 - 1420231?
-1420042
In base 3, what is 10012 + 20122101?
20202120
In base 16, what is -5 - -1d06a?
1d065
In base 15, what is -4 - a1b6?
-a1ba
In base 6, what is -131533 + 34?
-131455
In base 2, what is 111 - -1011110101110?
1011110110101
In base 13, what is 5bc3 - -7?
5bca
In base 8, what is -14 + 11747?
11733
In base 13, what is 9 - -37457?
37463
In base 5, what is -3 + 340403?
340400
In base 15, what is -9ee0bd - 2?
-9ee0c0
In base 15, what is -b + -2?
-d
In base 7, what is -102 - 13?
-115
In base 7, what is 56624 - -356?
60313
In base 9, what is -14886 + -154?
-15151
In base 8, what is -1324 - -1711?
365
In base 10, what is -13098 + 3?
-13095
In base 15, what is a11b3 + 3?
a11b6
In base 3, what is -1 - 202022212?
-202022220
In base 10, what is -24 - 184100?
-184124
In base 9, what is -406 + -52?
-458
In base 11, what is 0 + -415a?
-415a
In base 9, what is -708 + -12?
-721
In base 11, what is 2145 + 2?
2147
In base 12, what is -13 + 4a78?
4a65
In base 14, what is -d540 - 2a?
-d56a
In base 9, what is -35 + -3584?
-3630
In base 9, what is 1 - 334330?
-334328
In base 7, what is 264023 + -2?
264021
In base 12, what is -3 + 132b4?
132b1
In base 11, what is -a3 + 13a?
47
In base 2, what is 111000100101 + 1011010?
111001111111
In base 2, what is 110100101100101111101 - 11?
110100101100101111010
In base 6, what is -1310043 - 4?
-1310051
In base 14, what is 40d + -357?
96
In base 15, what is -4946 - 49?
-4990
In base 13, what is 47143 + -5?
4713b
In base 3, what is -2 - 1002022101002?
-1002022101011
In base 16, what is -c71 - -66?
-c0b
In base 15, what is 1a + 3cc?
3e7
In base 11, what is -1a84 - 82?
-2056
In base 3, what is 0 - -12101210?
12101210
In base 6, what is -11 + 30004?
25553
In base 11, what is -207 + -2a52?
-3159
In base 3, what is 1201202 - 21?
1201111
In base 12, what is 482 + 3a8?
86a
In base 4, what is 3 - -30231303?
30231312
In base 12, what is -8a25 + 1?
-8a24
In base 9, what is -531262 - 1?
-531263
In base 8, what is 15 - -71300?
71315
In base 15, what is -7b - -b4a?
abe
In base 16, what is -2 - -3b89?
3b87
In base 4, what is 30101 - -20201?
110302
In base 11, what is 37 + 5143?
517a
In base 13, what is -2cb - 1219?
-1517
In base 12, what is 19 - -22b7b?
22b98
In base 12, what is 697 - -a?
6a5
In base 12, what is 1351 + 631?
1982
In base 4, what is 12010 + -31131?
-13121
In base 2, what is 1110011110110 + -100010?
1110011010100
In base 9, what is 5112 + -111?
5001
In base 7, what is 151 + 3165?
3346
In base 2, what is -1001000010001001111 - 1010?
-1001000010001011001
In base 8, what is -5 + -240731?
-240736
In base 12, what is 2 - -2208b?
22091
In base 2, what is 11000 + 1100010010?
1100101010
In base 5, what is 314 + -44244?
-43430
In base 14, what is 1d449 - -5?
1d450
In base 9, what is -116652 + 11?
-116641
In base 10, what is -9731 + 16?
-9715
In base 9, what is -1 - -12157?
12156
In base 14, what is -c9232 - -3?
-c922d
In base 12, what is -194a - -36?
-1914
In base 5, what is 324314 - 0?
324314
In base 10, what is -96 + 2193?
2097
In base 16, what is -92 - 484?
-516
In base 4, what is 